132 and q?
12
Let r be (-1750)/(-50) + (-4)/(-2). What is the highest common divisor of r and 185?
37
Let h(f) be the first derivative of f**3 - 20*f**2 + 65*f - 189. Let z be h(15). What is the highest common divisor of 60 and z?
20
Suppose 38*d - 8181 = 11*d + 47223. Calculate the highest common divisor of d and 42.
6
Let p = -25299 + 30356. Calculate the greatest common divisor of 39 and p.
13
Let j(h) = -57*h + 124. Let p be j(-36). Calculate the greatest common factor of p and 384.
128
Suppose 3*a = -w + 2010, -9*a + 12*a - 4*w - 2010 = 0. Calculate the highest common divisor of 2948 and a.
134
Let x(n) = n**2 - 2*n + 12. Let f be x(3). Let w be 10/(-1)*((-102)/f + 5). What is the highest common factor of 117 and w?
9
Suppose -36*a = -41*a - 190. Let g be a/(-76)*(17 - (-1 + 0)). Suppose -g*x + 14*x = 1400. Calculate the highest common factor of 40 and x.
40
Let q(s) = -38*s + 2589. Let c be q(48). What is the greatest common factor of 225 and c?
45
Let k(b) = -b**2 + 23*b - 10. Let t(j) = j**2 + 7*j - 12. Let s be t(-10). Let a be k(s). Let m = a - 76. What is the highest common divisor of m and 36?
4
Let k be 49 + -51 + (10 - -1006). Calculate the highest common divisor of 3744 and k.
78
Let w be -1 + 2 + -4 - -109. Let p = w - 44. Suppose 3*i = -3*c + 282, 5*i = 3*c - 164 - 110. Calculate the highest common divisor of c and p.
31
Let n be (-2)/((-16)/(-12) - 2). Suppose 0 = -5*h - 2*z + 103, -h - 4*z = -9 - 8. Calculate the highest common divisor of h and n.
3
Let h = 50 - 42. Suppose h*j - 31 - 25 = 0. What is the highest common factor of 14 and j?
7
Suppose -4*p - 7 = -j, 2*p + 29 - 24 = -j. Let u be p/10 - (-1224)/120. Calculate the greatest common factor of 185 and u.
5
Suppose -411318 = -73*b + 38070. What is the highest common factor of b and 243?
81
Let o be 32/20 - 12/(-30). Let q = -151 + 225. What is the greatest common divisor of o and q?
2
Suppose 25 + 2407 = 16*z. Suppose -3*y = -5*a - 277, 0 = -5*y + 2*a + 278 + z. What is the highest common factor of y and 12?
12
Suppose 17 = -2*m + 57. Suppose 0 = -83*t + 76*t + 119. Suppose 6 = 2*r, -224*z + 228*z - 5*r = t. What is the greatest common divisor of z and m?
4
Let f(p) = p**3 - 2*p**2 + 7*p - 10. Let h be f(5). Let b = 4293 - 4283. What is the greatest common factor of b and h?
10
Let p = -3398 - -3478. Calculate the greatest common factor of 112 and p.
16
Let u(i) = 14*i**2 - 2*i + 12. Let l = 512 + -510. Let n be u(l). Calculate the greatest common factor of 640 and n.
64
Suppose -550*s = -553*s + 117. What is the greatest common divisor of s and 767?
13
Let w be ((-3045)/58)/((-5)/6). Calculate the highest common divisor of w and 273.
21
Suppose -4*a + 5*v = -77, 0 = -10*a + 17*a + 3*v - 123. Suppose 129 = 5*g + 5*i - 6, -2*g + i + 63 = 0. What is the highest common divisor of a and g?
6
Suppose -d = 5*b + 656, 5*b + 1327 = -2*d - 2*b. Let r = d + 696. What is the highest common divisor of 200 and r?
5
Let p = -3057 - -3063. Let r = 5 - 3. Suppose -i = 4*w - 96, -w - r = -4*i - 26. Calculate the highest common factor of w and p.
6
Suppose 8*l + 4*l - 36 = 0. Let o be (-13 - 3)*(-4)/12*l. Suppose -2*b - b - 2*d = -18, -d - 19 = -2*b. Calculate the highest common divisor of b and o.
8
Let y(m) = 55*m + 35 - 52 - 103. Let v be y(8). Calculate the greatest common factor of v and 5.
5
Let k(t) = -5*t - 54*t**2 + 2 + 112*t**2 + 2*t + 70*t**3 - 53*t**2. Let x be k(2). What is the highest common divisor of 18 and x?
18
Let g(i) = -i**3 - i**2 + 12*i + 40. Let v be g(0). Suppose 17 - 49 = -u + 5*z, 0 = 3*u - z - v. Let q = 29 - 13. What is the highest common factor of q and u?
4
Let a = -117616 + 176816. Calculate the greatest common factor of 100 and a.
100
Let v(z) = z - 7. Let r be v(5). Let g(j) = -17 - 6*j + 3*j + 1 + 1 + 24. Let s be g(r). Calculate the highest common factor of s and 6.
3
Let a be -152*(-16)/(22 - 14). What is the highest common factor of a and 400?
16
Let m(y) = -2*y**2 - 14*y + 5236. Let j be m(47). Let n(c) = 2*c**3 - 8*c**2 + 4*c - 6. Let o be n(5). What is the highest common divisor of o and j?
32
Let c = -3105 + 3377. Calculate the greatest common divisor of 3740 and c.
68
Suppose 2912 = 5*k + 21*k. Suppose 5*c = -z + 2*c + 66, 2*z - 4*c = k. Calculate the highest common divisor of z and 48.
12
Let q = -9158 + 15040. Calculate the greatest common factor of q and 34.
34
Let j = -241 - -236. Let y be j/2 - (-77)/22. What is the highest common factor of 21 and y?
1
Suppose -3*o + 108 = 33. Suppose -7*t + 2 = 23. Let z be 227 + -2 + t + 3. What is the greatest common divisor of o and z?
25
Suppose -520*z + 524*z - 3*p - 34 = 0, z = 4*p + 28. Calculate the greatest common divisor of z and 3224.
4
Let t be 11989/38 - (-9)/2. Calculate the highest common factor of 4120 and t.
40
Let g(y) = y**3 + 2*y**2 + 4. Let s be g(-3). Let c be 2*((-69)/(-6))/(s/(-10)). Let v = 59 - c. Calculate the greatest common divisor of 1 and v.
1
Suppose -41*q - 20005 = -5*u - 46*q, -2*q - 19970 = -5*u. What is the greatest common factor of u and 740?
148
Let o(s) = -s - 3 - 9 + 6*s + 10*s**2 - 17 - 8*s. Let g be o(3). What is the greatest common factor of g and 32?
4
Let l be (-25)/15 - (-11)/3. Suppose -l*d - 50 = -7*d. Let p be d/(-3)*108/(-18). Calculate the highest common factor of 5 and p.
5
Suppose 73*l = 156*l - 109*l + 624. What is the greatest common divisor of l and 123?
3
Let j(r) = r**2 + r - 1373. Let s be j(40). Calculate the greatest common factor of 3 and s.
3
Let k be (69/(-15) - -5) + 8/5. Suppose -1 = 5*r - 2*u - 27, 0 = k*u - 4. Suppose 0*f + r*f - 234 = 0. Calculate the greatest common factor of 13 and f.
13
Suppose 5*t - 2*l + 7*l = -10, 0 = 3*t - 2*l - 14. Suppose 189 = 4*r + 37. What is the highest common divisor of t and r?
2
Suppose 0 = 18*l - 49602 + 19737 - 73185. Calculate the greatest common divisor of 25 and l.
25
Let a be (-1)/(28/10 + -2 + -1). Let w be (-6)/(-15) - 57/a. Let t = 53 - w. Calculate the greatest common factor of t and 160.
32
Let b(l) = -140*l**2 + 2 + 0*l + 6*l - 2*l**3 + l**3 + 135*l**2. Let m be b(-7). Calculate the highest common factor of m and 145.
29
Let n = -49 - -52. Let z be -1 + (-41)/(1 + 0/n). Let o = z + 56. What is the greatest common divisor of o and 14?
14
Suppose 931*j = 919*j + 168. Calculate the highest common divisor of 1022 and j.
14
Let u be (10/((-180)/(-27)))/(1/940). Let g be (-1 + (0 - -7))/(10/u). What is the greatest common divisor of g and 18?
18
Suppose 0 = -17*k + 21*k + 32. Let s be 4/k*(-1207 + 6/2). Suppose -3*d - s + 146 = -4*a, 5*d - 254 = -2*a. Calculate the highest common factor of 9 and a.
9
Let n(t) = -t**2 + 42*t - 96. Let i be n(3). What is the greatest common factor of i and 161?
7
Suppose -203 = -3*v + 14*v - 40*v. Calculate the greatest common factor of v and 2443.
7
Let b be 4144/96 + 5/6. Suppose -2*n = -b - 6. Suppose 3*m = -5*c + m + 17, 0 = -5*m - 20. Calculate the highest common factor of c and n.
5
Let y = 13 + -7. Let c = -4 + y. Suppose -c*l = 5*a - 36, -4*l + 2*a - 24 = -6*l. What is the greatest common divisor of l and 2?
2
Let b be 2/9 + 26/(-36) + (-34237)/(-134). Calculate the greatest common factor of 3390 and b.
15
Let z = -681 + 1899. Let c be 8 - (-1)/(7/z). What is the greatest common divisor of c and 130?
26
Let n be (-72)/(-120)*(3 - -2). Suppose -19*g - 53 = -n*k - 15*g, 5*g = 20. Let w(x) = 54*x - 1. Let u be w(3). Calculate the highest common divisor of k and u.
23
Let s be (402/(-4))/(93/(-124)). What is the highest common divisor of 18224 and s?
134
Let f = 23060 + -22925. Calculate the greatest common divisor of 3705 and f.
15
Suppose -17*i + 61 + 263 = 1. What is the greatest common divisor of 38 and i?
19
Let f be 8/3 + -3 + 27932/(-12). Let c be (-3)/15 + f/(-40). What is the greatest common factor of c and 58?
58
Suppose -4*o + 9 = 5*i, -189*o + 12 = -188*o - 2*i. Calculate the greatest common divisor of 747 and o.
3
Let p(t) = -t**2 + 13*t + 92. Let w be p(18). Suppose 25*u + 574 = j + 22*u, -1181 = -w*j - 5*u. What is the highest common factor of j and 53?
53
Let r be 6/(-16) + (-96)/(-256). Let k be r - 4 - (-14706 - -2)/4. Suppose 0 = 11*g - 805 - k. What is the highest common factor of g and 37?
37
Let x be (-4)/(-26) - (-21)/((-1092)/8). Suppo